6*t - 146643, -5*y - 5*t + 244445 = 0. What is the thousands digit of y?
8
Suppose -26*v = -30*v. Let u be (-3 + (0 - -4))*v. Suppose 2*n + u*n = 5*a - 3, -2*a + 2 = 0. What is the units digit of n?
1
Suppose 0 = -6*k + 2*k + 28. Suppose 693 = k*p - 546. What is the units digit of p?
7
Suppose y = 4*b + 25, 3*y + 2*b = -b. Suppose 7*r = 2*r + y. What is the tens digit of r/(-6) + (-1180)/(-24)?
4
Let j(h) = -57 - 23 - 53*h + 5. What is the tens digit of j(-9)?
0
Suppose 3*s = 5*s + 6, 4*q - 95 = 5*s. Suppose 0 = -q*l + 22*l - 188. Let k = 35 + l. What is the units digit of k?
9
Let d(i) = -1264*i**3 - i**2 - 5*i + 5. Let g be d(1). Let k = 3185 + g. What is the thousands digit of k?
1
Let b = 227 + 67. Suppose -b*k = -288*k - 1200. What is the tens digit of k?
0
Suppose 17*y + 7*y - 681687 = 240657. What is the tens digit of y?
3
Let r(p) = 112*p + 38. Let k(w) = -37*w - 13. Let v(q) = -11*k(q) - 4*r(q). Suppose -7*c = -4*c + 9. What is the tens digit of v(c)?
1
Let v = 33823 - 21157. What is the hundreds digit of v?
6
Let z(p) be the first derivative of -p**4/4 + 14*p**3/3 - 2*p**2 + 19*p - 8. Let o be z(12). Let x = -123 + o. What is the tens digit of x?
3
Suppose q = -4*u + 82245, 0 = 3*q - 11 + 8. What is the units digit of u?
1
Suppose -10 = 2*i, 5*z + 27*i - 25*i - 40800 = 0. What is the thousands digit of z?
8
What is the units digit of ((-1)/(-2))/((-9 - -4)/(-48360))?
6
Suppose -4*u + 2212 = 716. Suppose -a + 70 + u = 0. What is the hundreds digit of a?
4
Suppose -12 = 3*o - 60. Suppose -2*v - 2*i + 16 = 0, 4*v - 4*i - o = -0*v. What is the units digit of ((4/v)/(-1))/(6/(-27))?
3
Let f(q) = 5*q**3 + 4*q**2 - 43*q + 299. What is the thousands digit of f(7)?
1
Suppose -4*b = 10 - 18. Suppose -b*s - 10 = -4*t, -t - 9 = -3*t + 5*s. Suppose 0*c - 514 = -t*c + 2*g, -c = 4*g - 262. What is the tens digit of c?
5
Let l = 65 + -44. Let x = l + -16. Suppose 4*q = x*n - 72 + 14, -3*n + 38 = -4*q. What is the tens digit of n?
1
Let n = 40328 - -4541. What is the tens digit of n?
6
Let d(x) = x**3 + 6*x**2 - 4*x - 8. Let v be d(-5). Suppose 2*r - 2*h - 94 = 0, -2*r + h = -3*r + v. What is the units digit of 617/15 + r/(-315)?
1
What is the thousands digit of (-4)/(-9) + 1013840/144?
7
Let x(t) = 17*t**2 + 12*t + 90. Let r be 168/56*(-1 + 0 + -1). What is the tens digit of x(r)?
3
Let t = 26 - 24. Suppose -2 = -2*k + t. Suppose 2*o + 2*j - 50 = 0, 5*o - k*j = o + 82. What is the units digit of o?
2
Suppose 37*c - 1327974 = 21*c - 122*c. What is the units digit of c?
3
Suppose 5*q + x = 7*q - 138343, -5*q = -3*x - 345862. What is the thousands digit of q?
9
Suppose -60*q + 93308 = -84292. What is the tens digit of q?
6
Let h = 1089 - 766. Suppose h = -13*f + 2325. What is the units digit of f?
4
Let s be 4 - (0 - (3 + 13)). Suppose 3*y = -3*b + 1 - 4, 2*y + s = 4*b. What is the tens digit of -3*(-1 - 29/b)?
3
Suppose -o + 20 = -m, -4*o + 0*o = 4*m - 64. Let w = o + -14. What is the tens digit of 621/15 + w/(-10)?
4
Suppose 41*q = 13*q + 199612. What is the hundreds digit of q?
1
Suppose 0 = -4*o + 12, -x - 156*o = -160*o - 4559. What is the thousands digit of x?
4
Let b(u) = -9*u + 5. Let g be b(-11). Suppose -5*x = -6*x + g. What is the tens digit of x?
0
Let n(i) = 4094*i**2 - 313*i - 1294. What is the units digit of n(-4)?
2
Suppose g + 5*a - 10540 = 0, 1723*g - 31600 = 1720*g - 5*a. What is the tens digit of g?
3
Suppose r + 1 - 9 = 0. Let z(n) = -3*n**2 - 8. Let q(u) = -u**2 - 1. Let d(m) = -4*q(m) + z(m). What is the tens digit of d(r)?
6
What is the thousands digit of ((-87976)/(-196))/((-2)/(-7))?
1
Let d be 2/3 + (-10)/(-3). Let v(g) be the second derivative of 5*g**3/2 + 8*g**2 + 7*g + 3. What is the tens digit of v(d)?
7
Let a(h) = -3*h**2 - 230*h + 249. What is the hundreds digit of a(-74)?
8
Let t(m) = 8*m**2 - 3. Let y be -3 + (5 - -2)*3. Let a be (-32)/(-24)*y/8. What is the units digit of t(a)?
9
Suppose -1995 = -3*x - 288. Suppose -625 = -2*g - 5*j, 3*g - x = j + 343. What is the units digit of g?
5
Suppose 256 + 248 = 12*n. What is the tens digit of 18/n + 1/((-14)/(-5594))?
0
Let i be (165/(-132))/(1/(-4)). Suppose i*q - 2*f = 5772 + 4013, q + f = 1957. What is the tens digit of q?
5
Let a(v) = -8*v - 52. Let i = 55 - -24. Suppose 2*p + 0*p + 56 = -4*f, 5*f = 2*p - i. What is the tens digit of a(f)?
6
What is the thousands digit of (1078 - 149)*(9 + 0)?
8
Suppose 8 - 2 = 2*y. Suppose 4*k + 4*w = 4, 0*k + 3*k = -5*w + y. What is the tens digit of 16 + -20 - (k + -51)?
4
Let o = 17 + -34. Let b = o - -22. Suppose f = b*f - 4*g - 20, -3*f = -4*g - 10. What is the units digit of f?
0
Let l(q) be the first derivative of -9 - 1/2*q**2 - 15*q + 1/3*q**3. What is the units digit of l(6)?
5
Let k(p) = -63*p - 114. Suppose -3*a + 2*z - 35 = 0, 4*z + 95 = -0*a - 5*a. What is the tens digit of k(a)?
3
Let g = 65481 - 29616. What is the ten thousands digit of g?
3
Suppose -113*i + 48*i - 432070 = -4182050. What is the ten thousands digit of i?
5
Let o(m) = m**3 + 9*m**2 - 16*m + 5. Let y(v) = 3*v - 28. Let p be y(7). What is the tens digit of o(p)?
1
Let m(h) be the second derivative of h**5/20 - 5*h**4/3 + 3*h**3/2 - 13*h**2/2 - 30*h - 2. What is the tens digit of m(20)?
6
Suppose -25*f = -21*f - 2*t - 87968, -3*f = -3*t - 65973. What is the units digit of f?
3
Let w(u) = -4*u - 74*u**2 - 104 + 216*u**2 - 65*u**2 - 69*u**2. What is the units digit of w(12)?
0
Let n = -261 - -39. What is the units digit of -3 - n - (-9 - -9)?
9
Let m(w) be the first derivative of -5*w**4/3 + 3*w**3/2 + 9*w**2/2 - 16. Let d(k) be the second derivative of m(k). What is the units digit of d(-4)?
9
Let k = -319 - -460. Let q = k - -793. What is the hundreds digit of q?
9
Let k = 3196 + 6755. What is the hundreds digit of k?
9
Let g(a) = -513*a + 1757. What is the ten thousands digit of g(-25)?
1
Suppose -23*p + 121 = -270. Suppose 0 = 19*u - p*u - 784. What is the tens digit of u?
9
Let v(o) = 18*o**3 - 12*o - 1. Let b be v(5). Let j = b + -785. What is the tens digit of j?
0
Let i = 26 + -10. Suppose q = i - 7. Suppose 252 = q*a - 3*a. What is the tens digit of a?
4
Suppose -17*t + 13640 = -6*t. Suppose -4*c + v - 3*v = -t, -3*c - 5*v = -916. What is the units digit of c?
2
Suppose 0 = 814*t - 825*t + 53053. What is the tens digit of t?
2
Suppose -2*x = 2*o - 55362, 25*o - 20*o + 138455 = 5*x. What is the tens digit of x?
8
Suppose -116*b - 13248 = -132*b. Suppose -190*j + 194*j - b = 0. What is the hundreds digit of j?
2
Suppose 0*v + 76 = 2*d + v, -3*v = -d + 45. Suppose -d*g + 46*g = 3304. What is the hundreds digit of g?
4
Let v = -35075 + 70658. What is the ten thousands digit of v?
3
Suppose 23*t - 731921 = 41523. What is the tens digit of t?
2
Let u = -106 - -113. Let m(j) = j**2 - 9*j + 16. Let d be m(u). Suppose -332 = -4*p + 2*p - d*y, 4*y + 4 = 0. What is the units digit of p?
7
Let w be ((-1)/(12/8))/((-3)/36). Suppose -w*g + 18 = -5*g. Suppose g*a - 2*a - 360 = 0. What is the tens digit of a?
9
Suppose -5*f + 22*f = -136. What is the hundreds digit of (142/f)/((-252)/(-32) + -8)?
1
Let p be (-2 - -4)*(-47449)/46. Let b = -1468 - p. What is the tens digit of b?
9
Let k(p) = 4613*p - 39. What is the tens digit of k(3)?
0
Suppose 536217 = -62*k - 49*k + 10155921. What is the thousands digit of k?
6
Let s be (-280)/(-120) + 1*(-2)/(-3). Suppose 2*n - 2*r + 13457 = s*r, 26839 = -4*n - 5*r. What is the tens digit of (-6)/(-63) - n/42?
6
Suppose -339*i - 4489341 = -2977619 - 12956023. What is the ten thousands digit of i?
3
Suppose -10 = 7*m - 8*m - 5*h, 2*m - 2*h = 20. Suppose 0 = -5*g + m*g - 1885. What is the units digit of g?
7
Let b be (-48)/(-18)*(267/2 - 0). Suppose -4*a + 124 = 2*t, -4*a = -2*a + 8. Suppose 6*d = t + b. What is the units digit of d?
1
Let n(u) = -5*u**3 - 17*u - 14*u**2 - 22 + 11*u**3 - 5*u**3. Let f be n(15). Let v = -15 - f. What is the units digit of v?
7
Suppose 2552 + 3064 = 27*w. What is the units digit of w?
8
Let y be (34/(-6))/(2/6). Let x = y - -33. Let a = x - -5. What is the tens digit of a?
2
Suppose -2*i + 18 + 0 = -4*l, i = -4*l + 15. Let d(c) = 2*c - 28. Let h be d(i). Let t(q) = 5*q**2 - 5*q + 29. What is the hundreds digit of t(h)?
2
Let u = -27732 + 37684. What is the thousands digit of u?
9
Let i(n) = 279*n